{"id":302,"date":"2018-08-20T12:54:06","date_gmt":"2018-08-20T10:54:06","guid":{"rendered":"http:\/\/www.k-rogge.de\/spezialisten\/?page_id=302"},"modified":"2018-09-04T11:24:43","modified_gmt":"2018-09-04T09:24:43","slug":"hochbautechniker","status":"publish","type":"page","link":"https:\/\/www.k-rogge.de\/spezialisten\/hochbautechniker\/","title":{"rendered":"Hochbautechniker"},"content":{"rendered":"<p>[et_pb_section bb_built=&#8220;1&#8243; background_color=&#8220;rgba(51,51,51,0)&#8220; module_id=&#8220;ro-logo-tr&#8220; _builder_version=&#8220;3.0.106&#8243; next_background_color=&#8220;#fdfdfd&#8220; global_module=&#8220;165&#8243;][et_pb_row global_parent=&#8220;165&#8243; make_equal=&#8220;on&#8220; _builder_version=&#8220;3.0.106&#8243;][et_pb_column type=&#8220;4_4&#8243;][et_pb_code admin_label=&#8220;Logo oben rechts&#8220; global_parent=&#8220;165&#8243; _builder_version=&#8220;3.0.106&#8243;]&lt;a href=&quot;https:\/\/www.k-rogge.de\/&quot;&gt;&lt;img src=&quot;https:\/\/www.k-rogge.de\/spezialisten\/wp-content\/uploads\/2018\/08\/logo-tr-120.gif&quot; alt=&quot;K. Rogge Spezialbau&quot; id=&quot;ro-logo-tr-img&quot; class=&quot;ro-logo-tr-img-not-scrolled&quot;&gt;&lt;\/a&gt;[\/et_pb_code][et_pb_code global_parent=&#8220;165&#8243; _builder_version=&#8220;3.0.106&#8243;]&lt;script&gt;&lt;!&#8211; [et_pb_line_break_holder] &#8211;&gt;&lt;!&#8211; [et_pb_line_break_holder] &#8211;&gt;jQuery(window).scroll(function (event) {&lt;!&#8211; [et_pb_line_break_holder] &#8211;&gt; var scroll = jQuery(window).scrollTop();&lt;!&#8211; [et_pb_line_break_holder] &#8211;&gt; if (scroll &gt; jQuery(&#x27;#main-header&#x27;).outerHeight()) {&lt;!&#8211; [et_pb_line_break_holder] &#8211;&gt; if (jQuery(&#x27;#wpadminbar&#x27;).length) {&lt;!&#8211; [et_pb_line_break_holder] &#8211;&gt; jQuery(&#x27;#ro-logo-tr-img&#x27;).addClass(&#x27;ro-logo-tr-img-scrolled-admin&#x27;);&lt;!&#8211; [et_pb_line_break_holder] &#8211;&gt; }&lt;!&#8211; [et_pb_line_break_holder] &#8211;&gt; else {&lt;!&#8211; [et_pb_line_break_holder] &#8211;&gt; jQuery(&#x27;#ro-logo-tr-img&#x27;).addClass(&#x27;ro-logo-tr-img-scrolled&#x27;);&lt;!&#8211; [et_pb_line_break_holder] &#8211;&gt; }&lt;!&#8211; [et_pb_line_break_holder] &#8211;&gt;&lt;!&#8211; [et_pb_line_break_holder] &#8211;&gt; } else {&lt;!&#8211; [et_pb_line_break_holder] &#8211;&gt; jQuery(&#x27;#ro-logo-tr-img&#x27;).removeClass(&#x27;ro-logo-tr-img-scrolled&#x27;);&lt;!&#8211; [et_pb_line_break_holder] &#8211;&gt; jQuery(&#x27;#ro-logo-tr-img&#x27;).removeClass(&#x27;ro-logo-tr-img-scrolled-admin&#x27;);&lt;!&#8211; [et_pb_line_break_holder] &#8211;&gt; }&lt;!&#8211; [et_pb_line_break_holder] &#8211;&gt;});&lt;!&#8211; [et_pb_line_break_holder] &#8211;&gt;&lt;!&#8211; [et_pb_line_break_holder] &#8211;&gt;&lt;\/script&gt;[\/et_pb_code][\/et_pb_column][\/et_pb_row][\/et_pb_section][et_pb_section bb_built=&#8220;1&#8243; background_color=&#8220;#fdfdfd&#8220; _builder_version=&#8220;3.0.106&#8243; custom_padding=&#8220;150px|0px|54px|0px&#8220; prev_background_color=&#8220;rgba(51,51,51,0)&#8220; next_background_color=&#8220;#ffffff&#8220; custom_padding_tablet=&#8220;20px|0px|54px|0px&#8220; custom_padding_last_edited=&#8220;on|phone&#8220; disabled_on=&#8220;on|on|off&#8220; disabled=&#8220;off&#8220;][et_pb_row background_color=&#8220;#ffffff&#8220; _builder_version=&#8220;3.0.106&#8243; module_alignment=&#8220;center&#8220; custom_css_main_1=&#8220;z-index: 2;&#8220; custom_css_main_2=&#8220;z-index: 1;&#8220; disabled_on=&#8220;off|off|off&#8220; disabled=&#8220;off&#8220;][et_pb_column type=&#8220;1_2&#8243;][et_pb_image admin_label=&#8220;Bild (Desktop)&#8220; src=&#8220;https:\/\/www.k-rogge.de\/spezialisten\/wp-content\/uploads\/2018\/08\/rogge_bauingenieur.jpg&#8220; _builder_version=&#8220;3.0.106&#8243; show_in_lightbox=&#8220;off&#8220; url_new_window=&#8220;off&#8220; use_overlay=&#8220;off&#8220; always_center_on_mobile=&#8220;on&#8220; force_fullwidth=&#8220;off&#8220; show_bottom_space=&#8220;on&#8220; custom_css_main_element=&#8220;margin-top: -93px;||margin-left: 20px !important;&#8220; \/][\/et_pb_column][et_pb_column type=&#8220;1_2&#8243;][et_pb_text admin_label=&#8220;H3 Techniker&#8220; _builder_version=&#8220;3.0.106&#8243; background_layout=&#8220;light&#8220; custom_css_main_element=&#8220;margin-top: -70px;&#8220;]<\/p>\n<h3 style=\"font-style: normal;\">FACHSTUDIUM<br \/>\n<em style=\"color: #ff8700;\">HOCHBAUTECHNIKER<\/em><\/h3>\n<p>[\/et_pb_text][et_pb_text admin_label=&#8220;Fakten \u00dcbersicht&#8220; background_layout=&#8220;dark&#8220; _builder_version=&#8220;3.0.106&#8243; background_color=&#8220;#ff8700&#8243; module_class=&#8220;ro-shifet-red-box&#8220; custom_css_main_element=&#8220;margin-right: 40px;&#8220;]<\/p>\n<p><strong>Ausbildungsdauer<\/strong><br \/>\n2 Jahre in Vollzeit, 4 Jahre berufsbegleitend<\/p>\n<p><strong>Voraussetzungen<\/strong><br \/>\nabgeschlossene Ausbildung, z.B. Stuckateur, Trockenbaumonteur, Maurer, Flieser o.\u00c4.<\/p>\n<p><strong>Pr\u00fcfungen<br \/>\n<\/strong>Du schlie\u00dft die Weiterbildung mit einer Facharbeit ab. Danach bist du staatlich anerkannte\/r Bautechniker\/in.<\/p>\n<p>[\/et_pb_text][\/et_pb_column][\/et_pb_row][et_pb_row _builder_version=&#8220;3.0.106&#8243; background_size=&#8220;initial&#8220; background_position=&#8220;top_left&#8220; background_repeat=&#8220;repeat&#8220; background_color=&#8220;#ffffff&#8220;][et_pb_column type=&#8220;2_3&#8243;][et_pb_text _builder_version=&#8220;3.0.106&#8243; background_layout=&#8220;light&#8220; module_class=&#8220;ro-text-box-padding&#8220;]<\/p>\n<p>Du hast bereits eine Ausbildung absolviert und m\u00f6chtest deiner Karriere auf die Spr\u00fcnge helfen? In der <strong>Weiterbildung zum Bautechniker<\/strong> lernst du, wie man Bauwerke entwirft, Bauzeichnungen anfertigt, Baukosten plant und Personal f\u00fchrt. Nach der Weiterbildung bist du der perfekte Kandidat f\u00fcr <strong>h\u00f6here Posten im Baugewerbe.<\/strong><\/p>\n<p>In Vollzeit dauert die Weiterbildung zwei Jahre. Weil du w\u00e4hrend dieser Zeit nicht arbeitest, erh\u00e4ltst du allerdings keinen Lohn. Bei der <strong>vierj\u00e4hrigen berufsbegleitenden Weiterbildung<\/strong> sieht das anders aus: Hier klingelt die Kasse wie gewohnt. Daf\u00fcr besuchst du neben der Arbeit die Abendschule und Wochenendseminare.<\/p>\n<p>Die Schule f\u00fcr deine Weiterbildung suchst du dir selber aus. Der genaue Ablauf der Weiterbildung unterscheidet sich von Schule zu Schule &#8211; an dieser Stelle musst du dich also selber schlau machen. Klingt gut? <strong>Bewirb dich jetzt<\/strong> auf eine Weiterbildung und werde <strong>staatlich gepr\u00fcfte\/r Bautechniker\/in!\u00a0<\/strong><\/p>\n<p>[\/et_pb_text][\/et_pb_column][et_pb_column type=&#8220;1_3&#8243;][\/et_pb_column][\/et_pb_row][\/et_pb_section][et_pb_section bb_built=&#8220;1&#8243; fullwidth=&#8220;off&#8220; specialty=&#8220;off&#8220; prev_background_color=&#8220;#fdfdfd&#8220; next_background_color=&#8220;#fdfdfd&#8220; _builder_version=&#8220;3.0.106&#8243; disabled_on=&#8220;||on&#8220; disabled=&#8220;off&#8220;][et_pb_row _builder_version=&#8220;3.0.106&#8243; width_unit=&#8220;off&#8220; custom_width_percent=&#8220;100%&#8220;][et_pb_column type=&#8220;4_4&#8243;][et_pb_text admin_label=&#8220;H3 Hochbautechniker (mobile)&#8220; _builder_version=&#8220;3.0.106&#8243; background_layout=&#8220;light&#8220; disabled_on=&#8220;|on|&#8220; disabled=&#8220;off&#8220;]<\/p>\n<h2 style=\"font-style: normal;\">FACHSTUDIUM<br \/>\n<em style=\"color: #ff8700;\">HOCHBAUTECHNIKER\/-IN<\/em><\/h2>\n<p>[\/et_pb_text][et_pb_text admin_label=&#8220;H3 Hochbautechniker (tablet)&#8220; _builder_version=&#8220;3.0.106&#8243; background_layout=&#8220;light&#8220; disabled_on=&#8220;on||&#8220; disabled=&#8220;off&#8220; text_orientation=&#8220;center&#8220;]<\/p>\n<h2 style=\"font-style: normal;\">FACHSTUDIUM<br \/>\n<em style=\"color: #ff8700;\">HOCHBAUTECHNIKER\/-IN<\/em><\/h2>\n<p>[\/et_pb_text][et_pb_image _builder_version=&#8220;3.0.106&#8243; src=&#8220;https:\/\/www.k-rogge.de\/spezialisten\/wp-content\/uploads\/2018\/08\/rogge_bauingenieur.jpg&#8220; show_in_lightbox=&#8220;off&#8220; url_new_window=&#8220;off&#8220; use_overlay=&#8220;off&#8220; always_center_on_mobile=&#8220;on&#8220; force_fullwidth=&#8220;off&#8220; show_bottom_space=&#8220;on&#8220; \/][\/et_pb_column][\/et_pb_row][et_pb_row _builder_version=&#8220;3.0.106&#8243; make_fullwidth=&#8220;on&#8220; use_custom_width=&#8220;on&#8220; width_unit=&#8220;off&#8220; custom_width_px=&#8220;934px&#8220; custom_width_percent=&#8220;100%&#8220;][et_pb_column type=&#8220;4_4&#8243;][et_pb_text admin_label=&#8220;Fakten (mobile)&#8220; _builder_version=&#8220;3.0.106&#8243; background_layout=&#8220;dark&#8220; background_color=&#8220;#ff8700&#8243; custom_css_main_element=&#8220;padding: 10%&#8220;]<\/p>\n<p><strong>Ausbildungsdauer<\/strong><br \/>\n2 Jahre in Vollzeit, 4 Jahre berufsbegleitend<\/p>\n<p><strong>Voraussetzungen<\/strong><br \/>\nabgeschlossene Ausbildung, z.B. Stuckateur, Trockenbaumonteur, Maurer, Flieser o.\u00c4.<\/p>\n<p><strong>Pr\u00fcfungen<br \/>\n<\/strong>Du schlie\u00dft die Weiterbildung mit einer Facharbeit ab. Danach bist du staatlich anerkannte\/r Bautechniker\/in.<\/p>\n<p>[\/et_pb_text][\/et_pb_column][\/et_pb_row][et_pb_row][et_pb_column type=&#8220;4_4&#8243;][et_pb_text admin_label=&#8220;Text (mobile)&#8220; _builder_version=&#8220;3.0.106&#8243; background_layout=&#8220;light&#8220;]<\/p>\n<p>Wenn der Rohbau steht, knallen beim Auftraggeber die Korken. <strong>Beim Trockenbaumonteur klingelt der Wecker.<\/strong> Du krempelst erst die \u00c4rmel hoch, wenn der Innenausbau beginnt. Kahlen R\u00e4umen hachst du Leben ein: Du schaffst und ziehst W\u00e4nde und verbaust moderne Klimadecken, Glastrennw\u00e4nde, Fenster und T\u00fcren. Kurzum: <strong>Du verleihst R\u00e4umen ihre Struktur.<\/strong><\/p>\n<p>Du lernst den Umgang mit und die Eigenschaften von<strong> Baumaterialien wie Holz, Beton, Metall, Glas oder Gipskarton.<\/strong> Du liest und fertigst Baupl\u00e4ne an, konstruierst Metallelemente und d\u00e4mmst und verkleidest W\u00e4nde. Du entwickelst du dich zum Profi f\u00fcr Bauschrauber, Fr\u00e4sen, Schleifmaschinen, Kellen, Spachtel und allen anderen Trockenbauwerkzeuge.<\/p>\n<p>Neue Aufgaben erwarten dich bei K. Rogge jeden Tag. Das Sch\u00f6ne daran: Am Ende des Arbeitstages hast du <strong>etwas geschaffen, das du sehen und anfassen kannst<\/strong>. Den zugigen Dachboden vom Morgen hast du mit deinen Kollegen verwandelt &#8211; in einen Loft mit Zimmern. Wenn dir die Arbeit gef\u00e4llt, du am Ende deiner Ausbildung zufrieden mit uns bist und wir mit dir, dann<strong> winkt dir eine feste Stelle.<\/strong><\/p>\n<p>Noch Fragen? Ruf uns an unter &#8230; oder schreib uns eine E-Mail an &#8230;<\/p>\n<p style=\"text-align: center; margin-top: 30px;\"><a class=\"ro-button-light\" href=\"mailto:bewerbung@k-rogge.de\" target=\"_blank\" rel=\"noopener\">JETZT BEWERBEN<\/a><\/p>\n<p>[\/et_pb_text][\/et_pb_column][\/et_pb_row][\/et_pb_section][et_pb_section bb_built=&#8220;1&#8243; module_class=&#8220;ro-expectations-section&#8220; _builder_version=&#8220;3.0.106&#8243; custom_padding=&#8220;0px|0px|0px|0px&#8220; prev_background_color=&#8220;#ffffff&#8220; next_background_color=&#8220;#ffffff&#8220; background_color=&#8220;#fdfdfd&#8220;][et_pb_row custom_padding=&#8220;0|0px|27px|0px&#8220; _builder_version=&#8220;3.0.106&#8243;][et_pb_column type=&#8220;4_4&#8243;][et_pb_text module_class=&#8220;ro-text-box-padding ro-expectations&#8220; _builder_version=&#8220;3.0.106&#8243; background_color=&#8220;#f3f3f3&#8243; background_layout=&#8220;light&#8220;]<\/p>\n<h3 class=\"ro-normal\"><em style=\"color: #ff8700;\">WIR<\/em> ERWARTEN VON DIR:<\/h3>\n<ul>\n<li><strong>Einsatzbereitschaft.\u00a0<\/strong>Und keine Scheu davor, kr\u00e4ftig anzupacken.<\/li>\n<li><strong>Wissensdurst.\u00a0<\/strong>Und den Willen, dich weiterzuentwickeln.<\/li>\n<li><strong>Zuverl\u00e4ssigkeit.<\/strong>\u00a0Und einen funktionierenden Wecker. Ganz wichtig.<\/li>\n<\/ul>\n<p><img decoding=\"async\" class=\"ro-expectations-img\" src=\"https:\/\/www.k-rogge.de\/spezialisten\/wp-content\/uploads\/2018\/07\/body-illu.png\" alt=\"K.Rogge Mitarbeiter\" \/><\/p>\n<p>[\/et_pb_text][\/et_pb_column][\/et_pb_row][\/et_pb_section][et_pb_section bb_built=&#8220;1&#8243; _builder_version=&#8220;3.0.47&#8243; prev_background_color=&#8220;#fdfdfd&#8220; next_background_color=&#8220;#323436&#8243;][et_pb_row custom_padding=&#8220;27px|0px|50px|0px&#8220; _builder_version=&#8220;3.0.47&#8243; background_size=&#8220;initial&#8220; background_position=&#8220;top_left&#8220; background_repeat=&#8220;repeat&#8220;][et_pb_column type=&#8220;1_4&#8243;][et_pb_image admin_label=&#8220;IHK&#8220; src=&#8220;https:\/\/www.k-rogge.de\/spezialisten\/wp-content\/uploads\/2018\/08\/logo-ihk.png&#8220; url=&#8220;https:\/\/www.ihk-berlin.de\/&#8220; url_new_window=&#8220;on&#8220; _builder_version=&#8220;3.0.106&#8243; \/][\/et_pb_column][et_pb_column type=&#8220;1_4&#8243;][et_pb_image admin_label=&#8220;Handwerkskammer&#8220; src=&#8220;https:\/\/www.k-rogge.de\/spezialisten\/wp-content\/uploads\/2018\/08\/logo-handwerkskammer.png&#8220; url=&#8220;https:\/\/www.hwk-berlin.de\/&#8220; url_new_window=&#8220;on&#8220; _builder_version=&#8220;3.0.106&#8243; \/][\/et_pb_column][et_pb_column type=&#8220;1_4&#8243;][et_pb_image admin_label=&#8220;FG Bau&#8220; src=&#8220;https:\/\/www.k-rogge.de\/spezialisten\/wp-content\/uploads\/2018\/08\/logo-fg-bau.png&#8220; url=&#8220;https:\/\/fg-bau.de\/&#8220; url_new_window=&#8220;on&#8220; _builder_version=&#8220;3.0.106&#8243; \/][\/et_pb_column][et_pb_column type=&#8220;1_4&#8243;][et_pb_image admin_label=&#8220;Lehrbauhof&#8220; src=&#8220;https:\/\/www.k-rogge.de\/spezialisten\/wp-content\/uploads\/2018\/08\/logo-lbh.png&#8220; url=&#8220;https:\/\/www.lehrbauhof-berlin.de\/&#8220; url_new_window=&#8220;on&#8220; _builder_version=&#8220;3.0.106&#8243; \/][\/et_pb_column][\/et_pb_row][et_pb_row _builder_version=&#8220;3.0.47&#8243; background_size=&#8220;initial&#8220; background_position=&#8220;top_left&#8220; background_repeat=&#8220;repeat&#8220;][et_pb_column type=&#8220;4_4&#8243;][et_pb_text admin_label=&#8220;H3 Bewirb dich jetzt&#8220; _builder_version=&#8220;3.0.106&#8243;]<\/p>\n<h3 class=\"ro-normal\">BEWIRB DICH JETZT UM<br \/>\n<em style=\"color: #ff8700;\">EINEN AUSBILDUNGSPLATZ<\/em><\/h3>\n<p>[\/et_pb_text][et_pb_image admin_label=&#8220;Formular&#8220; src=&#8220;https:\/\/www.k-rogge.de\/spezialisten\/wp-content\/uploads\/2018\/08\/formular.jpg&#8220; url=&#8220;mailto:bewerbung@k-rogge.de&#8220; show_bottom_space=&#8220;off&#8220; align=&#8220;center&#8220; _builder_version=&#8220;3.0.106&#8243; \/][\/et_pb_column][\/et_pb_row][\/et_pb_section][et_pb_section bb_built=&#8220;1&#8243; background_color=&#8220;#323436&#8243; _builder_version=&#8220;3.0.106&#8243; prev_background_color=&#8220;#ffffff&#8220; global_module=&#8220;62&#8243;][et_pb_row global_parent=&#8220;62&#8243; use_custom_width=&#8220;on&#8220; width_unit=&#8220;off&#8220; custom_width_percent=&#8220;85%&#8220; make_equal=&#8220;on&#8220; module_class_1=&#8220;ro-vertical-align&#8220; module_class_2=&#8220;ro-vertical-align&#8220; module_class_3=&#8220;ro-vertical-align&#8220; module_class_4=&#8220;ro-vertical-align&#8220; _builder_version=&#8220;3.0.106&#8243; module_alignment=&#8220;center&#8220;][et_pb_column type=&#8220;1_4&#8243;][et_pb_text admin_label=&#8220;Adresse&#8220; global_parent=&#8220;62&#8243; background_layout=&#8220;dark&#8220; module_class=&#8220;ro-footer&#8220; _builder_version=&#8220;3.0.106&#8243;]<\/p>\n<div style=\"margin: 0 auto;\"><span style=\"color: #ff8700;\">K. Rogge Spezialbau GmbH<\/span><\/p>\n<p>Saatwinkler Damm 13<br \/>13637 Berlin<\/p>\n<\/div>\n<p>[\/et_pb_text][\/et_pb_column][et_pb_column type=&#8220;1_4&#8243;][et_pb_text admin_label=&#8220;Kontakt&#8220; global_parent=&#8220;62&#8243; background_layout=&#8220;dark&#8220; module_class=&#8220;ro-footer&#8220; _builder_version=&#8220;3.0.106&#8243;]<\/p>\n<div style=\"margin: 0 auto;\"><span style=\"color: #ff8700;\">T <\/span> (030) 34 68 01 0<br \/><span style=\"color: #ff8700;\">F <\/span> (030) 34 52 69 1<br \/><span style=\"color: #ff8700;\">M <\/span> <a class=\"ro-footer-li-hover\" style=\"color: #ffffff;\" href=\"mailto:info@k-rogge.de\">info@k-rogge.de<\/a><\/div>\n<p>[\/et_pb_text][\/et_pb_column][et_pb_column type=&#8220;1_4&#8243;][et_pb_code admin_label=&#8220;Social Icons&#8220; global_parent=&#8220;62&#8243; _builder_version=&#8220;3.0.106&#8243; text_orientation=&#8220;center&#8220;]&lt;img src=&quot;https:\/\/www.k-rogge.de\/spezialisten\/wp-content\/uploads\/2018\/08\/Facebook.svg&quot; alt=&quot;Facebook&quot; class=&quot;ro-footer-social-icon style-svg&quot; style=&quot;height: 46px&quot;&gt;&lt;img src=&quot;https:\/\/www.k-rogge.de\/spezialisten\/wp-content\/uploads\/2018\/08\/Instagram.svg&quot; alt=&quot;Instagram&quot; class=&quot;ro-footer-social-icon style-svg&quot; style=&quot;height: 46px&quot;&gt;&lt;a href=&quot;https:\/\/www.youtube.com\/channel\/UCZXUcOYt-Bz-VeYBNB8-SsA&quot;&gt;&lt;img src=&quot;https:\/\/www.k-rogge.de\/spezialisten\/wp-content\/uploads\/2018\/08\/Youtube.svg&quot; alt=&quot;Youtube&quot; class=&quot;ro-footer-social-icon style-svg&quot; style=&quot;height: 46px&quot;&gt;&lt;\/a&gt;[\/et_pb_code][\/et_pb_column][et_pb_column type=&#8220;1_4&#8243;][et_pb_code global_parent=&#8220;62&#8243; _builder_version=&#8220;3.0.106&#8243;]&lt;img src=&quot;https:\/\/www.k-rogge.de\/spezialisten\/wp-content\/uploads\/2018\/08\/rogge_wms_logo274x71.svg&quot; class=&quot;style-svg&quot;&gt;[\/et_pb_code][\/et_pb_column][\/et_pb_row][\/et_pb_section]<\/p>\n","protected":false},"excerpt":{"rendered":"<p>&lt;script&gt;&lt;!&#8211; [et_pb_line_break_holder] &#8211;&gt;&lt;!&#8211; [et_pb_line_break_holder] &#8211;&gt;jQuery(window).scroll(function (event) {&lt;!&#8211; [et_pb_line_break_holder] &#8211;&gt; var scroll = jQuery(window).scrollTop();&lt;!&#8211; [et_pb_line_break_holder] &#8211;&gt; if (scroll &gt; jQuery(&#x27;#main-header&#x27;).outerHeight()) {&lt;!&#8211; [et_pb_line_break_holder] &#8211;&gt; if (jQuery(&#x27;#wpadminbar&#x27;).length) {&lt;!&#8211; [et_pb_line_break_holder] &#8211;&gt; jQuery(&#x27;#ro-logo-tr-img&#x27;).addClass(&#x27;ro-logo-tr-img-scrolled-admin&#x27;);&lt;!&#8211; [et_pb_line_break_holder] &#8211;&gt; }&lt;!&#8211; [et_pb_line_break_holder] &#8211;&gt; else {&lt;!&#8211; [et_pb_line_break_holder] &#8211;&gt; jQuery(&#x27;#ro-logo-tr-img&#x27;).addClass(&#x27;ro-logo-tr-img-scrolled&#x27;);&lt;!&#8211; [et_pb_line_break_holder] &#8211;&gt; }&lt;!&#8211; [et_pb_line_break_holder] &#8211;&gt;&lt;!&#8211; [et_pb_line_break_holder] &#8211;&gt; } else {&lt;!&#8211; [et_pb_line_break_holder] &#8211;&gt; jQuery(&#x27;#ro-logo-tr-img&#x27;).removeClass(&#x27;ro-logo-tr-img-scrolled&#x27;);&lt;!&#8211; [et_pb_line_break_holder] &#8211;&gt; jQuery(&#x27;#ro-logo-tr-img&#x27;).removeClass(&#x27;ro-logo-tr-img-scrolled-admin&#x27;);&lt;!&#8211; [et_pb_line_break_holder] [&hellip;]<\/p>\n","protected":false},"author":1,"featured_media":0,"parent":0,"menu_order":0,"comment_status":"closed","ping_status":"closed","template":"","meta":{"_et_pb_use_builder":"on","_et_pb_old_content":"","_et_gb_content_width":"","inline_featured_image":false,"footnotes":""},"_links":{"self":[{"href":"https:\/\/www.k-rogge.de\/spezialisten\/wp-json\/wp\/v2\/pages\/302"}],"collection":[{"href":"https:\/\/www.k-rogge.de\/spezialisten\/wp-json\/wp\/v2\/pages"}],"about":[{"href":"https:\/\/www.k-rogge.de\/spezialisten\/wp-json\/wp\/v2\/types\/page"}],"author":[{"embeddable":true,"href":"https:\/\/www.k-rogge.de\/spezialisten\/wp-json\/wp\/v2\/users\/1"}],"replies":[{"embeddable":true,"href":"https:\/\/www.k-rogge.de\/spezialisten\/wp-json\/wp\/v2\/comments?post=302"}],"version-history":[{"count":12,"href":"https:\/\/www.k-rogge.de\/spezialisten\/wp-json\/wp\/v2\/pages\/302\/revisions"}],"predecessor-version":[{"id":511,"href":"https:\/\/www.k-rogge.de\/spezialisten\/wp-json\/wp\/v2\/pages\/302\/revisions\/511"}],"wp:attachment":[{"href":"https:\/\/www.k-rogge.de\/spezialisten\/wp-json\/wp\/v2\/media?parent=302"}],"curies":[{"name":"wp","href":"https:\/\/api.w.org\/{rel}","templated":true}]}}